{"version":"1.0","provider_name":"iNMSOL","provider_url":"https:\/\/www.inmsol.com\/es\/","author_name":"- Instituto Mediterr\u00e1neo Sol","author_url":"https:\/\/www.inmsol.com\/es\/author\/laura\/","title":"La procesi\u00f3n de la Tarasca","type":"rich","width":600,"height":338,"html":"<blockquote class=\"wp-embedded-content\" data-secret=\"cLZo5exlK6\"><a href=\"https:\/\/www.inmsol.com\/es\/blog-escuela\/eventos-granada\/la-procesion-de-la-tarasca\/\">La procesi\u00f3n de la Tarasca<\/a><\/blockquote><iframe sandbox=\"allow-scripts\" security=\"restricted\" src=\"https:\/\/www.inmsol.com\/es\/blog-escuela\/eventos-granada\/la-procesion-de-la-tarasca\/embed\/#?secret=cLZo5exlK6\" width=\"600\" height=\"338\" title=\"\u00abLa procesi\u00f3n de la Tarasca\u00bb \u2014 iNMSOL\" data-secret=\"cLZo5exlK6\" frameborder=\"0\" marginwidth=\"0\" marginheight=\"0\" scrolling=\"no\" class=\"wp-embedded-content\"><\/iframe><script type=\"text\/javascript\">\n\/* <![CDATA[ *\/\n\/*! This file is auto-generated *\/\n!function(d,l){\"use strict\";l.querySelector&&d.addEventListener&&\"undefined\"!=typeof URL&&(d.wp=d.wp||{},d.wp.receiveEmbedMessage||(d.wp.receiveEmbedMessage=function(e){var t=e.data;if((t||t.secret||t.message||t.value)&&!\/[^a-zA-Z0-9]\/.test(t.secret)){for(var s,r,n,a=l.querySelectorAll('iframe[data-secret=\"'+t.secret+'\"]'),o=l.querySelectorAll('blockquote[data-secret=\"'+t.secret+'\"]'),c=new RegExp(\"^https?:$\",\"i\"),i=0;i<o.length;i++)o[i].style.display=\"none\";for(i=0;i<a.length;i++)s=a[i],e.source===s.contentWindow&&(s.removeAttribute(\"style\"),\"height\"===t.message?(1e3<(r=parseInt(t.value,10))?r=1e3:~~r<200&&(r=200),s.height=r):\"link\"===t.message&&(r=new URL(s.getAttribute(\"src\")),n=new URL(t.value),c.test(n.protocol))&&n.host===r.host&&l.activeElement===s&&(d.top.location.href=t.value))}},d.addEventListener(\"message\",d.wp.receiveEmbedMessage,!1),l.addEventListener(\"DOMContentLoaded\",function(){for(var e,t,s=l.querySelectorAll(\"iframe.wp-embedded-content\"),r=0;r<s.length;r++)(t=(e=s[r]).getAttribute(\"data-secret\"))||(t=Math.random().toString(36).substring(2,12),e.src+=\"#?secret=\"+t,e.setAttribute(\"data-secret\",t)),e.contentWindow.postMessage({message:\"ready\",secret:t},\"*\")},!1)))}(window,document);\n\/* ]]> *\/\n<\/script>\n","thumbnail_url":"https:\/\/www.inmsol.com\/wp-content\/uploads\/2017\/03\/fotonoticia_20150603060134_800.jpg","thumbnail_width":612,"thumbnail_height":816,"description":"La Tarasca es una celebraci\u00f3n del paganismo y la primera de la semana de procesiones de Corpus Cristi en Granada. Un modelo, que est\u00e1 vestido con ropa de la \u00faltima tendencia de moda, pasea por las calles en el centro de Granada en su drag\u00f3n, ofreciendo un espect\u00e1culo peculiar."}

- Instituto Mediterráneo Sol

La procesión de la Tarasca

<blockquote class="wp-embedded-content" data-secret="cLZo5exlK6"><a href="https://www.inmsol.com/es/blog-escuela/eventos-granada/la-procesion-de-la-tarasca/">La procesión de la Tarasca</a></blockquote><iframe sandbox="allow-scripts" security="restricted" src="https://www.inmsol.com/es/blog-escuela/eventos-granada/la-procesion-de-la-tarasca/embed/#?secret=cLZo5exlK6" width="600" height="338" title="«La procesión de la Tarasca» — iNMSOL" data-secret="cLZo5exlK6" frameborder="0" marginwidth="0" marginheight="0" scrolling="no" class="wp-embedded-content"></iframe><script type="text/javascript">
/* <![CDATA[ */
/*! This file is auto-generated */
!function(d,l){"use strict";l.querySelector&&d.addEventListener&&"undefined"!=typeof URL&&(d.wp=d.wp||{},d.wp.receiveEmbedMessage||(d.wp.receiveEmbedMessage=function(e){var t=e.data;if((t||t.secret||t.message||t.value)&&!/[^a-zA-Z0-9]/.test(t.secret)){for(var s,r,n,a=l.querySelectorAll('iframe[data-secret="'+t.secret+'"]'),o=l.querySelectorAll('blockquote[data-secret="'+t.secret+'"]'),c=new RegExp("^https?:$","i"),i=0;i<o.length;i++)o[i].style.display="none";for(i=0;i<a.length;i++)s=a[i],e.source===s.contentWindow&&(s.removeAttribute("style"),"height"===t.message?(1e3<(r=parseInt(t.value,10))?r=1e3:~~r<200&&(r=200),s.height=r):"link"===t.message&&(r=new URL(s.getAttribute("src")),n=new URL(t.value),c.test(n.protocol))&&n.host===r.host&&l.activeElement===s&&(d.top.location.href=t.value))}},d.addEventListener("message",d.wp.receiveEmbedMessage,!1),l.addEventListener("DOMContentLoaded",function(){for(var e,t,s=l.querySelectorAll("iframe.wp-embedded-content"),r=0;r<s.length;r++)(t=(e=s[r]).getAttribute("data-secret"))||(t=Math.random().toString(36).substring(2,12),e.src+="#?secret="+t,e.setAttribute("data-secret",t)),e.contentWindow.postMessage({message:"ready",secret:t},"*")},!1)))}(window,document);
/* ]]> */
</script>

La Tarasca es una celebración del paganismo y la primera de la semana de procesiones de Corpus Cristi en Granada. Un modelo, que está vestido con ropa de la última tendencia de moda, pasea por las calles en el centro de Granada en su dragón, ofreciendo un espectáculo peculiar.
